{"id":20,"date":"2020-04-02T17:08:06","date_gmt":"2020-04-02T17:08:06","guid":{"rendered":"http:\/\/weltuebergang.net\/?page_id=20"},"modified":"2020-10-25T20:27:32","modified_gmt":"2020-10-25T20:27:32","slug":"weltubergang","status":"publish","type":"page","link":"https:\/\/weltuebergang.net\/","title":{"rendered":"Home"},"content":{"rendered":"\n<p> <\/p>\n\n\n\n<p>Welt\u00fcbergang ist eine Plattform f\u00fcr digitale und hybride Formate, die Menschen verbinden.<\/p>\n\n\n\n<p>Welt\u00fcbergang bringt Menschen unterschiedlicher Professionen zusammen, die sich daf\u00fcr interessieren, Erfahrungsr\u00e4ume zu schaffen. K\u00fcnstler:innen, Theatermacher:innen, Aktivist:innen, Gamedesigner:innen, Veranstalter:innen, Hacker:innen etc. treffen aufeinander, um gemeinsam weiterzudenken. Momentaufnahmen dieser Prozesse lassen sich auf dieser Seite einsehen.<\/p>\n\n\n\n<p><\/p>\n\n\n\n<p><\/p>\n\n\n\n<p><\/p>\n","protected":false},"excerpt":{"rendered":"<p>Welt\u00fcbergang ist eine Plattform f\u00fcr digitale und hybride Formate, die Menschen verbinden. Welt\u00fcbergang bringt Menschen unterschiedlicher Professionen zusammen, die sich daf\u00fcr interessieren, Erfahrungsr\u00e4ume zu schaffen. K\u00fcnstler:innen, Theatermacher:innen, Aktivist:innen, Gamedesigner:innen, Veranstalter:innen, Hacker:innen etc. treffen aufeinander, um gemeinsam weiterzudenken. Momentaufnahmen dieser Prozesse lassen sich auf dieser Seite einsehen.<\/p>\n","protected":false},"author":4,"featured_media":0,"parent":0,"menu_order":0,"comment_status":"closed","ping_status":"closed","template":"portfolio.php","meta":[],"acf":[],"_links":{"self":[{"href":"https:\/\/weltuebergang.net\/index.php?rest_route=\/wp\/v2\/pages\/20"}],"collection":[{"href":"https:\/\/weltuebergang.net\/index.php?rest_route=\/wp\/v2\/pages"}],"about":[{"href":"https:\/\/weltuebergang.net\/index.php?rest_route=\/wp\/v2\/types\/page"}],"author":[{"embeddable":true,"href":"https:\/\/weltuebergang.net\/index.php?rest_route=\/wp\/v2\/users\/4"}],"replies":[{"embeddable":true,"href":"https:\/\/weltuebergang.net\/index.php?rest_route=%2Fwp%2Fv2%2Fcomments&post=20"}],"version-history":[{"count":39,"href":"https:\/\/weltuebergang.net\/index.php?rest_route=\/wp\/v2\/pages\/20\/revisions"}],"predecessor-version":[{"id":1697,"href":"https:\/\/weltuebergang.net\/index.php?rest_route=\/wp\/v2\/pages\/20\/revisions\/1697"}],"wp:attachment":[{"href":"https:\/\/weltuebergang.net\/index.php?rest_route=%2Fwp%2Fv2%2Fmedia&parent=20"}],"curies":[{"name":"wp","href":"https:\/\/api.w.org\/{rel}","templated":true}]}}